u) = 11*u**2 - 309*u + 44. Let b be z(28). What is the highest common factor of m and b?
8
Let k be 9*40/(-72)*14/(-2). Calculate the greatest common divisor of k and 609.
7
Suppose 153*s = 149*s - 4*c + 3416, -4*s + 3381 = -c. Calculate the highest common factor of s and 119.
7
Let c = -12047 - -12071. What is the highest common factor of 978 and c?
6
Suppose 4*c - 3*v - 693 = -c, 0 = -4*c - v + 551. Suppose 199*w - 4*k - 152 = 185*w, 3*w + k - 40 = 0. Calculate the highest common factor of w and c.
6
Let m be ((-2)/1)/(16/24). Suppose -3*u - 5*h = -2*u - 2, -4*h + 31 = 5*u. Let o = u + m. What is the highest common factor of 1 and o?
1
Suppose 5*h - 14210 = -5*a, -15*h = -13*h - a - 5708. What is the highest common factor of h and 4?
2
Let c be ((-495)/44)/(-9) - (-3630)/8 - 5. Calculate the greatest common divisor of c and 100.
50
Let x be (-972)/(-189) + (-2)/14. Suppose 5*y + 20 = 5*g, -4*y = x*g + 32 - 7. Let f be y/(1 - 21) + 190/8. What is the greatest common factor of f and 8?
8
Let x be ((-4)/(-3)*-4 + 0)/((-172)/4128). What is the highest common factor of 152 and x?
8
Let i = 4044 - 3495. Calculate the greatest common divisor of 2623 and i.
61
Let z(n) = 22*n**2 + 2*n + 1. Let g be z(-1). Suppose g*a - 22*a - 8 = 0. Let m be -3 + a/44 + 976/44. Calculate the greatest common divisor of 95 and m.
19
Let m = 17 - 10. Let s be -8 - (3/2)/(246/(-10496)). What is the greatest common factor of s and m?
7
Suppose 3*s + 2*m = 92, 3*m = -5*s + 4*s + 40. What is the greatest common factor of 82 and s?
2
Let k be (7/(-2))/(4/(-632)). Suppose -1580 = 8654*j - 8664*j. What is the highest common divisor of j and k?
79
Suppose -3215 = 15*d - 20*d. Suppose -4*p + d = 4*u - 1145, -u + 3*p = -447. Suppose 0 = 7*m - u - 36. What is the highest common factor of 46 and m?
23
Let y(a) = -14*a**3 + a. Let h be y(1). Let i be 26/h - -4*2. Suppose i*f = 3*v + f - 159, -2*f - 150 = -3*v. What is the greatest common divisor of v and 12?
12
Let r = -43 - -65. Suppose -r = -16*v + 10. Suppose 5*n - 107 + 7 = -5*j, 4*n - v*j = 92. Calculate the greatest common factor of 11 and n.
11
Let p(f) = -14*f - 9. Let b = -76 + 74. Let h be p(b). Let t(s) = 39*s**2 + s. Let c be t(-1). Calculate the highest common divisor of h and c.
19
Let l be (3 - (-182)/(-63))*1359 - 7. Let q = 33 + -25. Calculate the highest common factor of l and q.
8
Let k be 2/(-4)*(-31)/(341/1012). What is the highest common divisor of 2323 and k?
23
Let x = 176 + -197. Let k be ((-6)/(-8))/(1/68). Let i = k + x. Calculate the greatest common divisor of i and 3.
3
Suppose 0 = -6*r + 2*r. Suppose -w = -5*k + 39, 5 = k - 3*w - r*w. Let a = 62662 + -62661. What is the greatest common factor of a and k?
1
Suppose -6*q - 5*q = 308. Let n(d) = 2*d + 176. Let u be n(q). What is the highest common divisor of u and 90?
30
Let g be 18 - (10/6 - (-391)/(-69)). Suppose 5*w + g - 62 = 0. Calculate the highest common divisor of w and 20.
4
Let v = -2735 + 2959. What is the greatest common divisor of v and 63?
7
Suppose -9*f = 519 - 204. Let a be (21/f*5)/((-6)/338). What is the greatest common divisor of 13 and a?
13
Let d(g) = 7*g - 38. Let a be d(-13). Let v = a - -239. Calculate the greatest common factor of 22 and v.
22
Let s(n) = 80*n - 284. Let a be s(4). What is the highest common factor of 3123 and a?
9
Let k(c) = 35*c - 1 + 3 + 1 + 22*c - 84*c. Let d be k(-1). Calculate the highest common factor of 90 and d.
30
Let y = -102 + 190. Suppose -2*r - 13 - 61 = 4*v, 3*v - 5*r = -y. Let f be (v/(-14))/(0 - (-2)/64). What is the greatest common divisor of 12 and f?
12
Suppose -4*m - 5*y - 3 = 0, 3*y + 6 = m - 6. Suppose 0 = m*d - 3*r - 9, 4*d - d = -3*r + 15. What is the highest common divisor of d and 92?
4
Let n(q) = -q + 26. Let u = -399 - -390. Let w be n(u). What is the greatest common divisor of w and 455?
35
Let f(z) = -z**3 + 7*z**2 + 80*z + 110. Let t be f(13). Calculate the greatest common factor of t and 17.
17
Let u be (-6)/(6 - 4) - 0. Let s be 1 + u/((-15)/10). Let k = 97 + s. What is the highest common factor of k and 25?
25
Let n = 5 + 22. Let x be 6/n + (-64)/(-36). Suppose 2*w = g + g - 110, 2*g = -x*w + 114. What is the highest common factor of g and 8?
8
Let p = -18 - -35. Suppose 4*h = -4*k + 872, 0*k = k + 3*h - 212. Calculate the highest common divisor of k and p.
17
Suppose -262 = -2*n - 0*n - 5*g, -4*g = 2*n - 262. What is the highest common divisor of n and 1?
1
Let d = -95 + 103. Suppose 4 = -d*b + 28. Suppose -2*q + 49 = -z, -5*q + b*z + 2*z + 120 = 0. Calculate the greatest common factor of q and 50.
25
Let y be 1*(5 + -38 - -4). Let j(q) = -q**3 - 30*q**2 - 39*q - 50. Let a be j(y). Calculate the greatest common factor of 96 and a.
48
Suppose 2*x - 47 = -5*j, -4 = -x + 5*j - j. Let p be (4/3)/((-2)/3). Let f be p/(-5)*24/(-18)*-30. Calculate the greatest common divisor of f and x.
16
Let q = -19220 + 19342. What is the highest common factor of 78 and q?
2
Suppose -12 = -6*s - 0*s. Let y(a) = 23*a**3 + a**2 - a - 2. Let b be y(s). What is the highest common divisor of 115 and b?
23
Suppose -7*l - 34 - 22 = 0. Let s be (320/30)/l*(-334 - -1). Calculate the greatest common factor of s and 12.
12
Suppose -4*t + 3*n - 2278 = -6766, 4*t - 4520 = -5*n. Suppose 63*x + t = 78*x. Calculate the greatest common factor of 400 and x.
25
Suppose -611 = s - 2*v - 2369, -2*s + 2*v = -3526. Calculate the highest common divisor of s and 208.
104
Let v be 11 + -14 + 3 + 1. Let u be (-2*v)/4*(-8 + 2). Let x be (2 + 1/(-2))*4. Calculate the highest common divisor of x and u.
3
Let i(q) = q + 6*q**2 + 3*q**3 - 30 + 18 - 2*q**3 + 0*q**3. Let l be i(-4). What is the greatest common divisor of l and 64?
16
Let t(o) = -78*o - 815. Let d be t(-12). Suppose 4*j = -5*u - 28 + 140, 0 = 4*j - 12. Let n = u - 9. What is the greatest common divisor of n and d?
11
Let m be (45/2)/((-90)/(-120)). Let r be (-7)/((-420)/(-8)) + 34/m. What is the highest common divisor of r and 31?
1
Let p be 5727/4 - 1*(-5)/20. Suppose 5*g + 5*s = 2340, -38*g + 35*g + p = -4*s. What is the highest common divisor of g and 8?
8
Let f be (184/(-115))/(8/(-10)). Let g(y) = 26*y**2 + 3*y + 2. Let v be g(f). What is the highest common divisor of v and 28?
28
Suppose -5*g - 47*n = -50*n - 187, -105 = -3*g + 3*n. Calculate the highest common divisor of 7093 and g.
41
Suppose -44*a + 41600 = -19*a. What is the greatest common divisor of 78 and a?
26
Suppose 6 = c + 2. Suppose 0 = 2*l - 2*z + 4, -c*l + 3*z = 4*z - 7. Calculate the highest common factor of l and 1.
1
Let d(x) = 117*x**2 - 2*x + 2. Let i = -162 - -163. Let u be d(i). Calculate the highest common divisor of 9 and u.
9
Suppose 4*y - 80 = -4*n, 15 = y + 3*n + 1. What is the highest common divisor of 299 and y?
23
Let o = -3448 + 3496. What is the highest common factor of 128 and o?
16
Suppose -2083 - 5006 = 17*c. Let k = c + 492. What is the highest common divisor of k and 15?
15
Let k be (6/9)/((-10)/(-405)). Suppose 14*d = k + 29. Suppose 0 = 3*l - 4*z - 49, -d*l + 3*z = -l - 54. Calculate the highest common divisor of 115 and l.
23
Suppose 114*y = 31961 - 839. Calculate the highest common factor of y and 63.
21
Let c(t) = 452*t + 4079. Let b be c(-9). Calculate the highest common divisor of 8668 and b.
11
Let a(t) = -3*t**2 + 8*t + 11. Let y be a(3). Let k be -3*(-3)/36 - (-326)/y. What is the highest common factor of k and 1?
1
Let b = 103 + -87. Let a be 1168/(-15) + b/(-120). Let l = a + 86. Calculate the highest common factor of l and 56.
8
Suppose -2*v + 6*v + 256 = 8*v. Suppose -w + 75 = 27. What is the greatest common factor of w and v?
16
Suppose 7*z - 1176 = -0*z. Let d be 33/15 + (-2)/10. Suppose x + d*y = 32, 4*x - 10*y = -8*y + z. Calculate the highest common factor of 8 and x.
8
Let h be -390*(0 + 5 + 108/(-8)) - -7. What is the highest common factor of 604 and h?
302
Let q(g) = g**3 - 18*g**2 + 31*g - 548. Let r be q(18). Calculate the greatest common divisor of r and 109.
1
Let h(s) = s**3 + 33*s**2 - 78*s + 890. Let f be h(-35). What is the highest common divisor of 810 and f?
90
Let h = -3151 + 3232. Let v be (1 - -2)*(0 + 1). Suppose 5*o - 265 = 5*c, -103 - 164 = -5*o + v*c. Calculate the greatest common divisor of o and h.
27
Let c be -2*((-7)/2 - -2). Sup